he second derivative of 1/20*u**5 - 1/2*u**3 + 0 + 3/2*u**2 + 0*u**q - u. Calculate p(2).
5
Let u(l) be the second derivative of l**4/12 + l**3/6 + l**2/2 - 2*l. Let d(x) be the first derivative of u(x). Let n = -1 + 2. What is d(n)?
3
Let r(j) be the first derivative of 4 - j - 5/2*j**2. What is r(-1)?
4
Let t(f) = f**2 - 2*f - 2. Let w be t(0). Let z(k) = -k**3 + k**2 + 2*k + 2. Give z(w).
10
Let d(w) = -w - 8. Let k(c) = c**2 - 6*c + 2. Let n be k(4). What is d(n)?
-2
Let o be (-1)/((-12)/8)*-12. Let q(y) = -y - 5. Calculate q(o).
3
Let c be 2/(-6) - ((-40)/3 + 1). Let o(k) = -k**3 + 12*k**2 + k - 8. Calculate o(c).
4
Let y(q) = -6*q + 4. Let j(s) = 19*s - 11. Let w(o) = 2*j(o) + 7*y(o). Let b be (-1)/(-2) + 91/26. What is w(b)?
-10
Let a(u) be the first derivative of 3*u**2/2 + u - 16. Suppose -3*z + 2*c + 10 = 2*z, 5*z - c = 10. Calculate a(z).
7
Let k(p) = -16*p - 2 - p**3 + 2*p**2 - 21*p + 35*p - 5*p**2. Give k(-4).
22
Suppose 0 = -3*k + 38 + 43. Suppose 3*c - 9 = -k. Let i(g) = -g**2 - 4*g + 8. Calculate i(c).
-4
Let x(h) = 5*h**2 + 29*h - 1. Let i(d) = -3*d**2 - 19*d + 1. Let u be (-15)/(-1 - -4)*-1. Let a(b) = u*x(b) + 8*i(b). Calculate a(6).
-3
Let t(d) = -d**3 - 4*d**2. Suppose -b - 6*i = -i - 2, 3*b + 5 = -4*i. Determine t(b).
-9
Let f(u) = 2*u + 5. Let l(j) = -j + 1. Let z be l(5). Let g be f(z). Let c(o) = -2*o**2 - 4*o - 2. Determine c(g).
-8
Let f(j) be the first derivative of -j**4/4 + j**3 + 3*j**2/2 + 2. Determine f(3).
9
Suppose -2*a - 2*a = 0. Let h(g) = 3 + 4*g + a + g. Suppose -5*z + 4 - 14 = 0. Calculate h(z).
-7
Let f(u) = 701*u + 4*u**2 - 703*u + u**3 - u**3 + u**3. Give f(-5).
-15
Let d = 47 + -52. Let i(n) = n**2 + 7*n + 5. Determine i(d).
-5
Let y(h) be the third derivative of -h**5/60 - h**4/4 + 3*h**3/2 - h**2. Let l be y(-7). Let r(m) = -l - 3*m + m**2 + 3*m + m**3. Calculate r(0).
-2
Suppose -z - 5 - 2 = 0. Let a = 11 + z. Let w(g) = -g**2 + 3*g + 5. Determine w(a).
1
Let p(u) be the second derivative of -u**4/12 + 5*u**3/6 + 5*u**2/2 + 2*u. Suppose 14 = 3*v - 2*l, -3*v - 9 = 5*l + 5. Let i be 7/(3 - v) - 2. What is p(i)?
5
Let m(i) = i**2 - 6*i + 4. Let x be m(3). Let g = -10 + 13. Let t(n) = 5*n**g - 4*n**3 + 4 - 2*n**2 + 1 + 5*n + 8*n**2. Give t(x).
5
Let d(t) = 2*t**2 + 3*t - 4. Let u(k) = k**3 - 11*k**2 + 10*k - 3. Let s be u(10). Give d(s).
5
Let y(o) = -2*o + 6. Let f(c) = -c + 1. Let m(u) = 3*f(u) - y(u). Give m(0).
-3
Let t(h) = -9 - 3 - 2 + 1 - h. Give t(-13).
0
Let p(l) = 2*l + 6. Let k be p(0). Let z(d) = d**3 - 5*d**2 - 5*d - 3. Calculate z(k).
3
Let m = 68 + -66. Let d(q) = 1 + 1 + q - q**2 + 2*q**2. Give d(m).
8
Let r(a) = a - 7. Let g be r(9). Let h(c) = -c**2 + 5*c - 3. Give h(g).
3
Let j(b) = -6*b - 9. Let l(n) = 17*n + 26. Let r(x) = 11*j(x) + 4*l(x). Let v(o) = -o - 2. Let a be v(-2). Let d = -4 - a. Calculate r(d).
-3
Let m(i) = -i**3 + 7*i**2 + 5. Let g be m(7). Suppose 2*c - 1 = g*c - 2*x, 0 = -3*c - 4*x - 25. Let l(v) = -v**3 - 3*v**2 - 5*v - 3. Calculate l(c).
12
Let o(f) be the first derivative of -f**3/3 + 5*f**2/2 + 4*f - 8. Determine o(5).
4
Let z(b) = -b**2 - 5*b + 6. Let p be (-1)/(((-2)/(-40))/(-1)). Let h = -1 - -1. Suppose h = -4*j - 4*m - p, 2*j + 5*m + 15 = -j. Determine z(j).
6
Let x(d) = -d**3 + 2*d + 1. Let h be x(-2). Let y(j) = -j + 2. What is y(h)?
-3
Let d = -10 - -7. Let a(j) = j**3 + 4*j**2 + 2*j. What is a(d)?
3
Let w(m) = m**2 - 8*m - 2. Let g(s) = -s**3 + s**2 - 2*s + 8. Let v be g(0). What is w(v)?
-2
Suppose 9 = 2*k - 5*u, 2*k + 12 = k - 3*u. Let t(l) = 2*l**2 + l**3 + l**2 + l + 0*l + 3. What is t(k)?
0
Let p(v) be the first derivative of v**4/24 + v**3/3 + v**2/2 + 3. Let l(g) be the second derivative of p(g). Determine l(4).
6
Let s(v) = v - 2. Suppose -3*i = -12, -7*j + 4*i = -2*j - 4. Suppose 0 = -0*u - j*u - 20. What is s(u)?
-7
Let u(p) = p**2 + 6*p + 2. Suppose 5*w = -4*m + 1, 3*w - w + 2*m = 2. Determine u(w).
-7
Let o(a) = a**3 + 10*a**2 + 8*a - 2. Let p = 0 - 5. Let k(y) = y**2 + y - 1. Let b(r) = p*k(r) + o(r). Let j = 8 - 12. What is b(j)?
7
Suppose -2 + 1 = -c. Let s = -2 - c. Let w = 0 - s. Let v(q) = -q**2 + q. Determine v(w).
-6
Let v be 5*((-4)/3 - 2/(-6)). Let o(w) = w**3 + 4*w**2 - 4*w + 2. Determine o(v).
-3
Let r be (2 - 3 - -1)/(-3) - -3. Let z(o) = o - 2. Give z(r).
1
Suppose -6*p - 12 = -9*p. Suppose 9 = 2*q - 3*t, p*q + 5*t = t - 32. Let k(i) be the third derivative of i**4/6 + i**3/2 + 2*i**2. What is k(q)?
-9
Let p = 7 - 5. Let y be (p/(-3))/(1/(-9)). Let r(x) = -9*x**2 + 9*x**2 + x + x**2 - y*x**2. Give r(-1).
-6
Let y = 15 - 11. Suppose -y = u - 5*u. Let q(l) = l**2 - 4*l - 7. Let a(d) = 2*d**2 - 9*d - 15. Let x(r) = 6*a(r) - 13*q(r). Determine x(u).
-2
Let o(s) = 6*s**2 + 16*s + 4 - 13 - 7*s**2 - 6*s. Calculate o(9).
0
Let g(f) = f - 1. Let q be g(1). Let y be 6 - 6/(2 + q). Let j(h) be the first derivative of h**4/4 - 4*h**3/3 + 2*h**2 - 2*h + 2. Calculate j(y).
1
Let p(h) = h**2 + 7*h + 5. Let k = 13 - 19. Give p(k).
-1
Let l(y) be the second derivative of y**5/20 - 5*y**4/12 + 3*y**2 - 7*y. Let v(i) = -i**3 + 2*i + 5. Let k be v(0). What is l(k)?
6
Let x(j) = -j**2 + 6*j - 6. Let u be x(5). Let a(f) = 2*f**3 + 2*f**2 + f. Calculate a(u).
-1
Suppose 3*d = 4*b - 23, -6*d = b - 3*d - 2. Let j(i) = 5*i**2 - 5*i - 3. Let t(r) = -4*r**2 + 5*r + 3. Let f(m) = 3*j(m) + 4*t(m). What is f(b)?
3
Let l(h) = -h**2 - 3*h + 3*h + 0*h + 4*h - 4. Let j be 7 + (-3 - (0 + 0)). Suppose -j*w + 17 = -3. Determine l(w).
-9
Let n(m) = 0 + 2 - 1 + m. Suppose 3*r - 23 = 4*w, 0 = -r + 3*r - 5*w - 20. Suppose -31 = -r*b - 5*p + 3*p, -4*b + 5*p = -5. What is n(b)?
6
Let u(g) = -3*g**3 + 2*g**3 + 4*g**2 + 3 - 6 + 2*g. Let l(k) = 2*k**2 - 4*k**2 + 3*k**2. Let c be l(2). Give u(c).
5
Let q(c) be the second derivative of -4*c**3/3 - c**2/2 - c. Calculate q(-1).
7
Let w(c) = -8*c**2 - 3*c - 2. Let v be w(-2). Let l be (-7)/v + 13/(-4). Let j(a) = a**2 + 2*a - 3. Calculate j(l).
0
Let o = 3 + 4. Let z(h) = 3 + h - o + 0*h. Determine z(-4).
-8
Let h(o) = -6*o**2 - 29*o + o**3 + 54*o - 21*o + 4. Suppose -1 + 5 = 4*a. Let z = a + 4. Give h(z).
-1
Let g(i) = -2*i**2 + 2*i + 3. Let d = 2 - 1. Let q(f) = -f**3 + 4*f**2 - f + 6. Let z be q(4). Let b be z + 3 - 2*d. Give g(b).
-9
Let m(k) = k**2 + 10*k + 5. Let v be m(-10). Let y(l) = -2*l + 2. Calculate y(v).
-8
Suppose 2*w - 22 = 3*i + 3*w, -3*i - 10 = -2*w. Let m be (6 + -3)*(-2)/(-2). Let k(j) = 1 + j**2 + 3*j + 5*j - m*j. Calculate k(i).
7
Let s(x) = -x - 1. Let u = 4 - 1. Suppose 4*m - v + 4 + 0 = 0, u*m - v + 4 = 0. Give s(m).
-1
Let s(y) be the first derivative of -y**3/3 - 3*y**2 - 3*y + 2. Let o = 45 + -48. Determine s(o).
6
Let m(c) = c**3 + 7*c**2 + 7*c + 5. Let l be m(-6). Let b(a) = -5*a**3 - a**2. Determine b(l).
4
Suppose -5*k + 19 + 11 = 0. Let b be -3 + 0 + k + -3. Let g(h) = -h - 6. Determine g(b).
-6
Let i(h) = -3*h + 8. Let c be ((-28)/35)/(6/(-45)). Determine i(c).
-10
Let r be 2/6 + 2/(-6). Let h be r + -1 + -1 - -3. Let a(t) = -3 - t + 4 + h. What is a(-3)?
5
Let c(r) = -20*r + r**2 - r**3 + 6 + 0 + 19*r. Determine c(0).
6
Let g(m) be the first derivative of -3*m**4/2 - m**2/2 + 16. Calculate g(1).
-7
Suppose -16 = -8*r - 0*r. Let i(t) = 2*t**2 - 2. Give i(r).
6
Let c(u) be the third derivative of 1/60*u**5 + 1/24*u**4 + 6*u**2 - 2/3*u**3 + 0*u + 0. Calculate c(0).
-4
Let s = -3 + 5. Let v(k) = 5 - 3 + s - k - k**3 - 5*k**2. Give v(-5).
9
Suppose 23 = 3*d + 71. Let f = d + 25. Let b = f - 4. Let p(t) = t**3 - 5*t**2 + 5. Give p(b).
5
Let y(c) = c**3 + 7*c. Let g(k) = 3*k**3 + k**2 + 8*k - 2. Let t(f) = f**3 + f**2 + f - 1. Let h(d) = g(d) - 2*t(d). Let v(u) = 3*h(u) - 2*y(u). What is v(3)?
12
Let k(f) = -f**3 - 3*f**2 + 3*f + 3. Let m = 12 - 12. Suppose -y + m = 3. What is k(y)?
-6
Let i(a) = a**2 + a - 4. Let f be i(0). Let x(l) = l - 3. Determine x(f).
-7
Let n(h) = 4*h**2 + 2*h. Let f(l) = -l**3 + 7*l**2 - 2*l + 12. Let r be f(7). Calculate n(r).
12
Let z(v) = v**2 - 11*v**2 - 1 + 0*v - v. Calculate z(-1).
-10
Suppose -f + 24 = 2*f. Let b be (-2)/(-3) - f/12. Suppose 4 = -3*w - 2*d, -5*d = -4*w - b*d + 10. Let c(l) = -l - 7. Determine c(w).
-7
Let j(d) = -21*d**2 - 31*d - 26. Let n(r) = -4*r**2 - 6*r - 5. Let u(z) = 2*j(z) - 11*n(z). Calculate u(-2).
3
Let q(r) = -2*r + 9. Suppose 12*o = 